{"id":153,"date":"2025-12-20T12:57:39","date_gmt":"2025-12-20T12:57:39","guid":{"rendered":"https:\/\/www.gemeinsam-fuer-kastl.de\/?page_id=153"},"modified":"2026-01-26T06:39:27","modified_gmt":"2026-01-26T06:39:27","slug":"unsere-ziele","status":"publish","type":"page","link":"https:\/\/www.gemeinsam-fuer-kastl.de\/?page_id=153","title":{"rendered":"Unsere Ziele"},"content":{"rendered":"\t\t<div data-elementor-type=\"wp-page\" data-elementor-id=\"153\" class=\"elementor elementor-153\">\n\t\t\t\t<div class=\"elementor-element elementor-element-cced399 e-flex e-con-boxed e-con e-parent\" data-id=\"cced399\" data-element_type=\"container\" data-e-type=\"container\">\n\t\t\t\t\t<div class=\"e-con-inner\">\n\t\t\t\t<div class=\"elementor-element elementor-element-0127a66 elementor-widget elementor-widget-text-editor\" data-id=\"0127a66\" data-element_type=\"widget\" data-e-type=\"widget\" data-widget_type=\"text-editor.default\">\n\t\t\t\t\t\t\t\t\t<p>Wir sind Frauen und M\u00e4nner aus Kastl, die hier leben, arbeiten und sich ehrenamtlich engagieren.\u00a0<span style=\"background-color: rgba(0, 0, 0, 0);\">Uns verbindet der Wunsch, unsere Gemeinde verantwortungsvoll, bodenst\u00e4ndig und zukunftsorientiert mitzugestalten.<\/span><\/p><p><span style=\"background-color: rgba(0, 0, 0, 0);\">Als unabh\u00e4ngige W\u00e4hlergruppe stehen wir f\u00fcr sachliche Entscheidungen &#8211; ohne Parteivorgaben, aber mit klarer Haltung.<\/span><\/p><p><span style=\"background-color: rgba(0, 0, 0, 0);\">Wir treten 2026 erstmals zur Kommunalwahl an und bringen unterschiedliche Erfahrungen, berufliche Kompetenzen und Sichtweisen ein.<\/span><\/p>\t\t\t\t\t\t\t\t<\/div>\n\t\t\t\t\t<\/div>\n\t\t\t\t<\/div>\n\t\t<div class=\"elementor-element elementor-element-aada1aa e-flex e-con-boxed e-con e-parent\" data-id=\"aada1aa\" data-element_type=\"container\" data-e-type=\"container\">\n\t\t\t\t\t<div class=\"e-con-inner\">\n\t\t\t\t<div class=\"elementor-element elementor-element-781469a elementor-widget elementor-widget-heading\" data-id=\"781469a\" data-element_type=\"widget\" data-e-type=\"widget\" data-widget_type=\"heading.default\">\n\t\t\t\t\t<h2 class=\"elementor-heading-title elementor-size-default\">Solide Finanzen. Starke Wirtschaft. Nachhaltige Entwicklung.<\/h2>\t\t\t\t<\/div>\n\t\t\t\t\t<\/div>\n\t\t\t\t<\/div>\n\t\t<div class=\"elementor-element elementor-element-b5cf8cc e-flex e-con-boxed e-con e-parent\" data-id=\"b5cf8cc\" data-element_type=\"container\" data-e-type=\"container\">\n\t\t\t\t\t<div class=\"e-con-inner\">\n\t\t\t\t<div class=\"elementor-element elementor-element-f9964e6 elementor-widget elementor-widget-text-editor\" data-id=\"f9964e6\" data-element_type=\"widget\" data-e-type=\"widget\" data-widget_type=\"text-editor.default\">\n\t\t\t\t\t\t\t\t\t<p>Wir setzen uns f\u00fcr eine finanziell stabile Gemeinde Kastl ein. Nach gro\u00dfen Investitionen ist es jetzt wichtig, die finanzielle Situation zu stabilisieren und neue Einnahmen zu schaffen &#8211; ohne den Lebensstandard zu senken.<\/p><ul><li>Ansiedlung umsatzstarker und umweltvertr\u00e4glicher Betriebe<ul><li>F\u00f6rderung des Mittelstands durch Gewerbefl\u00e4chen<\/li><li>und Wiederbelebung bestehender Betriebsfl\u00e4chen<\/li><\/ul><\/li><li>Nutzung von F\u00f6rderprogrammen und Zusch\u00fcssen f\u00fcr sinnvolle Projekte<\/li><li>Ausgaben konsequent pr\u00fcfen, Ressourcen b\u00fcndeln und Mittel effizient einsetzen<\/li><li>St\u00e4rkung der lokalen Gesundheitsversorgung<\/li><\/ul>\t\t\t\t\t\t\t\t<\/div>\n\t\t\t\t\t<\/div>\n\t\t\t\t<\/div>\n\t\t<div class=\"elementor-element elementor-element-c6fd1ea e-flex e-con-boxed e-con e-parent\" data-id=\"c6fd1ea\" data-element_type=\"container\" data-e-type=\"container\">\n\t\t\t\t\t<div class=\"e-con-inner\">\n\t\t\t\t<div class=\"elementor-element elementor-element-4900986 elementor-widget elementor-widget-text-editor\" data-id=\"4900986\" data-element_type=\"widget\" data-e-type=\"widget\" data-widget_type=\"text-editor.default\">\n\t\t\t\t\t\t\t\t\t<p>Unser Ziel:<\/p><p>Eine stabile Finanzlage f\u00fcr morgen<\/p>\t\t\t\t\t\t\t\t<\/div>\n\t\t\t\t\t<\/div>\n\t\t\t\t<\/div>\n\t\t<div class=\"elementor-element elementor-element-0acc3ab e-flex e-con-boxed e-con e-parent\" data-id=\"0acc3ab\" data-element_type=\"container\" data-e-type=\"container\">\n\t\t\t\t\t<div class=\"e-con-inner\">\n\t\t\t\t<div class=\"elementor-element elementor-element-859acca elementor-widget elementor-widget-heading\" data-id=\"859acca\" data-element_type=\"widget\" data-e-type=\"widget\" data-widget_type=\"heading.default\">\n\t\t\t\t\t<h2 class=\"elementor-heading-title elementor-size-default\">Echt. Nah. Kastl.<\/h2>\t\t\t\t<\/div>\n\t\t\t\t\t<\/div>\n\t\t\t\t<\/div>\n\t\t<div class=\"elementor-element elementor-element-8ef194e e-flex e-con-boxed e-con e-parent\" data-id=\"8ef194e\" data-element_type=\"container\" data-e-type=\"container\">\n\t\t\t\t\t<div class=\"e-con-inner\">\n\t\t\t\t<div class=\"elementor-element elementor-element-dcaf4f2 elementor-widget elementor-widget-text-editor\" data-id=\"dcaf4f2\" data-element_type=\"widget\" data-e-type=\"widget\" data-widget_type=\"text-editor.default\">\n\t\t\t\t\t\t\t\t\t<p>Eine lebendige Gemeinde lebt vom Miteinander. Wir wollen Kastl gemeinsam voranbringen &#8211; offen, transparent und mit modernen Wegen.<\/p><ul><li>Erhalt und Weiterentwicklung wichtiger Infrastruktur (z. B. Feuerwehren, Bauhof)<\/li><li>Mehr Transparenz der Arbeit des Gemeinderats und des B\u00fcrgermeisters<\/li><li>St\u00e4rkere Pr\u00e4senz online, z. B. durch Aktualisierung der Homepage<\/li><li>St\u00e4rkere B\u00fcrgerbeteiligung, z. B. durch mehr B\u00fcrgerversammlungen mit Fokus auf Austausch oder B\u00fcrgerentscheide<\/li><li>Bereicherung des Dorflebens durch Schaffung zentraler gemeinschaftsf\u00f6rdernder Strukturen<\/li><\/ul>\t\t\t\t\t\t\t\t<\/div>\n\t\t\t\t\t<\/div>\n\t\t\t\t<\/div>\n\t\t<div class=\"elementor-element elementor-element-512039e e-flex e-con-boxed e-con e-parent\" data-id=\"512039e\" data-element_type=\"container\" data-e-type=\"container\">\n\t\t\t\t\t<div class=\"e-con-inner\">\n\t\t\t\t<div class=\"elementor-element elementor-element-efb72e1 elementor-widget elementor-widget-text-editor\" data-id=\"efb72e1\" data-element_type=\"widget\" data-e-type=\"widget\" data-widget_type=\"text-editor.default\">\n\t\t\t\t\t\t\t\t\t<p>Unser Ziel:<\/p><p>Ein Kastl, in dem sich alle Generationen und alle Ortsteile geh\u00f6rt und zuhause f\u00fchlen.<\/p>\t\t\t\t\t\t\t\t<\/div>\n\t\t\t\t\t<\/div>\n\t\t\t\t<\/div>\n\t\t\t\t<\/div>\n\t\t","protected":false},"excerpt":{"rendered":"<p>Wir sind Frauen und M\u00e4nner aus Kastl, die hier leben, arbeiten und sich ehrenamtlich engagieren.\u00a0Uns verbindet der Wunsch, unsere Gemeinde verantwortungsvoll, bodenst\u00e4ndig und zukunftsorientiert mitzugestalten. Als unabh\u00e4ngige W\u00e4hlergruppe stehen wir f\u00fcr sachliche Entscheidungen &#8211; ohne Parteivorgaben, aber mit klarer Haltung. Wir treten 2026 erstmals zur Kommunalwahl an und bringen unterschiedliche Erfahrungen, berufliche Kompetenzen und Sichtweisen&#8230;<\/p>\n","protected":false},"author":2,"featured_media":0,"parent":0,"menu_order":5,"comment_status":"closed","ping_status":"closed","template":"","meta":{"_kad_post_transparent":"","_kad_post_title":"hide","_kad_post_layout":"fullwidth","_kad_post_sidebar_id":"","_kad_post_content_style":"unboxed","_kad_post_vertical_padding":"hide","_kad_post_feature":"hide","_kad_post_feature_position":"","_kad_post_header":false,"_kad_post_footer":false,"_kad_post_classname":"","footnotes":""},"class_list":["post-153","page","type-page","status-publish","hentry"],"_links":{"self":[{"href":"https:\/\/www.gemeinsam-fuer-kastl.de\/index.php?rest_route=\/wp\/v2\/pages\/153","targetHints":{"allow":["GET"]}}],"collection":[{"href":"https:\/\/www.gemeinsam-fuer-kastl.de\/index.php?rest_route=\/wp\/v2\/pages"}],"about":[{"href":"https:\/\/www.gemeinsam-fuer-kastl.de\/index.php?rest_route=\/wp\/v2\/types\/page"}],"author":[{"embeddable":true,"href":"https:\/\/www.gemeinsam-fuer-kastl.de\/index.php?rest_route=\/wp\/v2\/users\/2"}],"replies":[{"embeddable":true,"href":"https:\/\/www.gemeinsam-fuer-kastl.de\/index.php?rest_route=%2Fwp%2Fv2%2Fcomments&post=153"}],"version-history":[{"count":7,"href":"https:\/\/www.gemeinsam-fuer-kastl.de\/index.php?rest_route=\/wp\/v2\/pages\/153\/revisions"}],"predecessor-version":[{"id":474,"href":"https:\/\/www.gemeinsam-fuer-kastl.de\/index.php?rest_route=\/wp\/v2\/pages\/153\/revisions\/474"}],"wp:attachment":[{"href":"https:\/\/www.gemeinsam-fuer-kastl.de\/index.php?rest_route=%2Fwp%2Fv2%2Fmedia&parent=153"}],"curies":[{"name":"wp","href":"https:\/\/api.w.org\/{rel}","templated":true}]}}