{"id":176,"date":"2025-12-20T14:22:34","date_gmt":"2025-12-20T14:22:34","guid":{"rendered":"https:\/\/www.gemeinsam-fuer-kastl.de\/?page_id=176"},"modified":"2025-12-20T22:50:10","modified_gmt":"2025-12-20T22:50:10","slug":"wahlinformationen","status":"publish","type":"page","link":"https:\/\/www.gemeinsam-fuer-kastl.de\/?page_id=176","title":{"rendered":"Wahlinformationen"},"content":{"rendered":"\t\t<div data-elementor-type=\"wp-page\" data-elementor-id=\"176\" class=\"elementor elementor-176\">\n\t\t\t\t<div class=\"elementor-element elementor-element-1566133 e-flex e-con-boxed e-con e-parent\" data-id=\"1566133\" data-element_type=\"container\" data-e-type=\"container\">\n\t\t\t\t\t<div class=\"e-con-inner\">\n\t\t\t\t<div class=\"elementor-element elementor-element-f09eaf4 elementor-widget elementor-widget-heading\" data-id=\"f09eaf4\" data-element_type=\"widget\" data-e-type=\"widget\" data-widget_type=\"heading.default\">\n\t\t\t\t\t<h2 class=\"elementor-heading-title elementor-size-default\">Kommunalwahl in Bayern - kurz erkl\u00e4rt<\/h2>\t\t\t\t<\/div>\n\t\t\t\t\t<\/div>\n\t\t\t\t<\/div>\n\t\t<div class=\"elementor-element elementor-element-36660a7 e-flex e-con-boxed e-con e-parent\" data-id=\"36660a7\" data-element_type=\"container\" data-e-type=\"container\">\n\t\t\t\t\t<div class=\"e-con-inner\">\n\t\t\t\t<div class=\"elementor-element elementor-element-6c12834 elementor-widget elementor-widget-text-editor\" data-id=\"6c12834\" data-element_type=\"widget\" data-e-type=\"widget\" data-widget_type=\"text-editor.default\">\n\t\t\t\t\t\t\t\t\t<p data-start=\"413\" data-end=\"619\">Die Kommunalwahl in Bayern bietet den B\u00fcrgerinnen und B\u00fcrgern viele M\u00f6glichkeiten, aktiv mitzuentscheiden.&nbsp;<span style=\"background-color: rgba(0, 0, 0, 0);\">Hier erkl\u00e4ren wir Schritt f\u00fcr Schritt, <\/span><strong data-start=\"481\" data-end=\"528\" style=\"background-color: rgba(0, 0, 0, 0);\">wie die Kommunalwahl in Bayern funktioniert<\/strong><span style=\"background-color: rgba(0, 0, 0, 0);\"> und <\/span><strong data-start=\"533\" data-end=\"562\" style=\"background-color: rgba(0, 0, 0, 0);\">worauf du achten solltest<\/strong><span style=\"background-color: rgba(0, 0, 0, 0);\">.<\/span><\/p>\t\t\t\t\t\t\t\t<\/div>\n\t\t\t\t\t<\/div>\n\t\t\t\t<\/div>\n\t\t<div class=\"elementor-element elementor-element-2b673d8 e-flex e-con-boxed e-con e-parent\" data-id=\"2b673d8\" data-element_type=\"container\" data-e-type=\"container\">\n\t\t\t\t\t<div class=\"e-con-inner\">\n\t\t\t\t<div class=\"elementor-element elementor-element-0486be1 elementor-widget elementor-widget-heading\" data-id=\"0486be1\" data-element_type=\"widget\" data-e-type=\"widget\" data-widget_type=\"heading.default\">\n\t\t\t\t\t<h2 class=\"elementor-heading-title elementor-size-default\">Wer darf w\u00e4hlen?<\/h2>\t\t\t\t<\/div>\n\t\t\t\t\t<\/div>\n\t\t\t\t<\/div>\n\t\t<div class=\"elementor-element elementor-element-f9e1d4a e-flex e-con-boxed e-con e-parent\" data-id=\"f9e1d4a\" data-element_type=\"container\" data-e-type=\"container\">\n\t\t\t\t\t<div class=\"e-con-inner\">\n\t\t\t\t<div class=\"elementor-element elementor-element-2ccd54f elementor-widget elementor-widget-text-editor\" data-id=\"2ccd54f\" data-element_type=\"widget\" data-e-type=\"widget\" data-widget_type=\"text-editor.default\">\n\t\t\t\t\t\t\t\t\t<p data-start=\"595\" data-end=\"642\">Du darfst bei der Kommunalwahl w\u00e4hlen, wenn du:<\/p><ul data-start=\"644\" data-end=\"818\"><li data-start=\"644\" data-end=\"680\"><p data-start=\"646\" data-end=\"680\"><strong data-start=\"646\" data-end=\"673\">mindestens 18 Jahre alt<\/strong> bist<\/p><\/li><li data-start=\"681\" data-end=\"755\"><p data-start=\"683\" data-end=\"755\">die <strong data-start=\"687\" data-end=\"719\">deutsche Staatsangeh\u00f6rigkeit<\/strong> oder die eines <strong data-start=\"735\" data-end=\"748\">EU-Landes<\/strong> hast<\/p><\/li><li data-start=\"756\" data-end=\"818\"><p data-start=\"758\" data-end=\"818\">seit <strong data-start=\"763\" data-end=\"790\">mindestens zwei Monaten<\/strong> in deiner Gemeinde wohnst<\/p><\/li><\/ul><p data-start=\"820\" data-end=\"896\">Du bekommst vor der Wahl automatisch eine <strong data-start=\"862\" data-end=\"886\">Wahlbenachrichtigung<\/strong> per Post.<\/p>\t\t\t\t\t\t\t\t<\/div>\n\t\t\t\t\t<\/div>\n\t\t\t\t<\/div>\n\t\t<div class=\"elementor-element elementor-element-bb6a036 e-flex e-con-boxed e-con e-parent\" data-id=\"bb6a036\" data-element_type=\"container\" data-e-type=\"container\">\n\t\t\t\t\t<div class=\"e-con-inner\">\n\t\t\t\t<div class=\"elementor-element elementor-element-77ec97e elementor-widget elementor-widget-heading\" data-id=\"77ec97e\" data-element_type=\"widget\" data-e-type=\"widget\" data-widget_type=\"heading.default\">\n\t\t\t\t\t<h2 class=\"elementor-heading-title elementor-size-default\">\ud83d\udcec Wie kannst du w\u00e4hlen?<\/h2>\t\t\t\t<\/div>\n\t\t\t\t\t<\/div>\n\t\t\t\t<\/div>\n\t\t<div class=\"elementor-element elementor-element-28c9edf e-grid e-con-boxed e-con e-parent\" data-id=\"28c9edf\" data-element_type=\"container\" data-e-type=\"container\">\n\t\t\t\t\t<div class=\"e-con-inner\">\n\t\t\t\t<div class=\"elementor-element elementor-element-03c4b83 elementor-widget elementor-widget-text-editor\" data-id=\"03c4b83\" data-element_type=\"widget\" data-e-type=\"widget\" data-widget_type=\"text-editor.default\">\n\t\t\t\t\t\t\t\t\t<h3 data-start=\"932\" data-end=\"951\">\ud83c\udfeb Im Wahllokal<\/h3><ul data-start=\"952\" data-end=\"1102\"><li data-start=\"952\" data-end=\"997\"><p data-start=\"954\" data-end=\"997\">Du gehst am Wahltag in dein <strong data-start=\"982\" data-end=\"995\">Wahllokal<\/strong><\/p><\/li><li data-start=\"998\" data-end=\"1064\"><p data-start=\"1000\" data-end=\"1064\">Bring deine <strong data-start=\"1012\" data-end=\"1036\">Wahlbenachrichtigung<\/strong> und deinen <strong>Personalausweis<\/strong> oder <strong>Reisepass<\/strong> mit<\/p><\/li><li data-start=\"1065\" data-end=\"1102\"><p data-start=\"1067\" data-end=\"1102\">Dort bekommst du deinen Stimmzettel<\/p><\/li><\/ul>\t\t\t\t\t\t\t\t<\/div>\n\t\t\t\t<div class=\"elementor-element elementor-element-8620ca1 elementor-widget elementor-widget-image\" data-id=\"8620ca1\" data-element_type=\"widget\" data-e-type=\"widget\" data-widget_type=\"image.default\">\n\t\t\t\t\t\t\t\t\t\t\t\t\t\t\t<img fetchpriority=\"high\" decoding=\"async\" width=\"216\" height=\"300\" src=\"https:\/\/www.gemeinsam-fuer-kastl.de\/wp-content\/uploads\/2025\/12\/IMG_1108-216x300.jpg\" class=\"attachment-medium size-medium wp-image-180\" alt=\"\" srcset=\"https:\/\/www.gemeinsam-fuer-kastl.de\/wp-content\/uploads\/2025\/12\/IMG_1108-216x300.jpg 216w, https:\/\/www.gemeinsam-fuer-kastl.de\/wp-content\/uploads\/2025\/12\/IMG_1108.jpg 544w\" sizes=\"(max-width: 216px) 100vw, 216px\" \/>\t\t\t\t\t\t\t\t\t\t\t\t\t\t\t<\/div>\n\t\t\t\t<div class=\"elementor-element elementor-element-d007fb5 elementor-widget elementor-widget-image\" data-id=\"d007fb5\" data-element_type=\"widget\" data-e-type=\"widget\" data-widget_type=\"image.default\">\n\t\t\t\t\t\t\t\t\t\t\t\t\t\t\t<img decoding=\"async\" width=\"200\" height=\"300\" src=\"https:\/\/www.gemeinsam-fuer-kastl.de\/wp-content\/uploads\/2025\/12\/B5F3BCA7-42BB-4838-B5D0-18E3E3DA09A9-200x300.png\" class=\"attachment-medium size-medium wp-image-181\" alt=\"\" srcset=\"https:\/\/www.gemeinsam-fuer-kastl.de\/wp-content\/uploads\/2025\/12\/B5F3BCA7-42BB-4838-B5D0-18E3E3DA09A9-200x300.png 200w, https:\/\/www.gemeinsam-fuer-kastl.de\/wp-content\/uploads\/2025\/12\/B5F3BCA7-42BB-4838-B5D0-18E3E3DA09A9-683x1024.png 683w, https:\/\/www.gemeinsam-fuer-kastl.de\/wp-content\/uploads\/2025\/12\/B5F3BCA7-42BB-4838-B5D0-18E3E3DA09A9-768x1152.png 768w, https:\/\/www.gemeinsam-fuer-kastl.de\/wp-content\/uploads\/2025\/12\/B5F3BCA7-42BB-4838-B5D0-18E3E3DA09A9.png 1024w\" sizes=\"(max-width: 200px) 100vw, 200px\" \/>\t\t\t\t\t\t\t\t\t\t\t\t\t\t\t<\/div>\n\t\t\t\t<div class=\"elementor-element elementor-element-381aeb7 elementor-widget elementor-widget-text-editor\" data-id=\"381aeb7\" data-element_type=\"widget\" data-e-type=\"widget\" data-widget_type=\"text-editor.default\">\n\t\t\t\t\t\t\t\t\t<h3 data-start=\"1104\" data-end=\"1124\">\u2709\ufe0f Per Briefwahl<\/h3><ul data-start=\"1125\" data-end=\"1302\"><li data-start=\"1125\" data-end=\"1174\"><p data-start=\"1127\" data-end=\"1174\">Du kannst <strong data-start=\"1137\" data-end=\"1151\">ohne Grund<\/strong> Briefwahl beantragen<\/p><\/li><li data-start=\"1175\" data-end=\"1220\"><p data-start=\"1177\" data-end=\"1220\">Das geht online, per Post oder im Rathaus<\/p><\/li><li data-start=\"1221\" data-end=\"1302\"><p data-start=\"1223\" data-end=\"1302\">Die ausgef\u00fcllten Unterlagen m\u00fcssen <strong data-start=\"1258\" data-end=\"1293\">sp\u00e4testens am Wahltag um 18 Uhr<\/strong> ankommen<\/p><\/li><\/ul>\t\t\t\t\t\t\t\t<\/div>\n\t\t\t\t\t<\/div>\n\t\t\t\t<\/div>\n\t\t<div class=\"elementor-element elementor-element-da3f54e e-flex e-con-boxed e-con e-parent\" data-id=\"da3f54e\" data-element_type=\"container\" data-e-type=\"container\">\n\t\t\t\t\t<div class=\"e-con-inner\">\n\t\t\t\t<div class=\"elementor-element elementor-element-bc82303 elementor-widget elementor-widget-heading\" data-id=\"bc82303\" data-element_type=\"widget\" data-e-type=\"widget\" data-widget_type=\"heading.default\">\n\t\t\t\t\t<h2 class=\"elementor-heading-title elementor-size-default\">\u270d\ufe0f Wie funktioniert das W\u00e4hlen?<\/h2>\t\t\t\t<\/div>\n\t\t\t\t\t<\/div>\n\t\t\t\t<\/div>\n\t\t<div class=\"elementor-element elementor-element-05574eb e-flex e-con-boxed e-con e-parent\" data-id=\"05574eb\" data-element_type=\"container\" data-e-type=\"container\">\n\t\t\t\t\t<div class=\"e-con-inner\">\n\t\t\t\t<div class=\"elementor-element elementor-element-33c9059 elementor-widget elementor-widget-heading\" data-id=\"33c9059\" data-element_type=\"widget\" data-e-type=\"widget\" data-widget_type=\"heading.default\">\n\t\t\t\t\t<h2 class=\"elementor-heading-title elementor-size-default\">\ud83c\udfdb\ufe0f Gemeinderatswahl<\/h2>\t\t\t\t<\/div>\n\t\t\t\t\t<\/div>\n\t\t\t\t<\/div>\n\t\t<div class=\"elementor-element elementor-element-09b9ebe e-grid e-con-boxed e-con e-parent\" data-id=\"09b9ebe\" data-element_type=\"container\" data-e-type=\"container\">\n\t\t\t\t\t<div class=\"e-con-inner\">\n\t\t\t\t<div class=\"elementor-element elementor-element-1ddbcc0 elementor-widget elementor-widget-text-editor\" data-id=\"1ddbcc0\" data-element_type=\"widget\" data-e-type=\"widget\" data-widget_type=\"text-editor.default\">\n\t\t\t\t\t\t\t\t\t<p>Bei der Gemeinderatswahl hast du <strong data-start=\"1403\" data-end=\"1422\">mehrere Stimmen<\/strong> \u2013 so viele, wie es Gemeinderatssitze gibt. Da es in Kast 12 Gemeinderatssitze zu vergeben gibt, hast du bei der Kommunalwahl f\u00fcr den Gemeinderat 12 Stimmen.<\/p>\t\t\t\t\t\t\t\t<\/div>\n\t\t\t\t<div class=\"elementor-element elementor-element-f09b21e elementor-widget elementor-widget-image\" data-id=\"f09b21e\" data-element_type=\"widget\" data-e-type=\"widget\" data-widget_type=\"image.default\">\n\t\t\t\t\t\t\t\t\t\t\t\t\t\t\t<img decoding=\"async\" width=\"239\" height=\"300\" src=\"https:\/\/www.gemeinsam-fuer-kastl.de\/wp-content\/uploads\/2025\/12\/12-239x300.png\" class=\"attachment-medium size-medium wp-image-182\" alt=\"\" srcset=\"https:\/\/www.gemeinsam-fuer-kastl.de\/wp-content\/uploads\/2025\/12\/12-239x300.png 239w, https:\/\/www.gemeinsam-fuer-kastl.de\/wp-content\/uploads\/2025\/12\/12.png 596w\" sizes=\"(max-width: 239px) 100vw, 239px\" \/>\t\t\t\t\t\t\t\t\t\t\t\t\t\t\t<\/div>\n\t\t\t\t<div class=\"elementor-element elementor-element-ae198a2 elementor-widget elementor-widget-image\" data-id=\"ae198a2\" data-element_type=\"widget\" data-e-type=\"widget\" data-widget_type=\"image.default\">\n\t\t\t\t\t\t\t\t\t\t\t\t\t\t\t<img loading=\"lazy\" decoding=\"async\" width=\"526\" height=\"446\" src=\"https:\/\/www.gemeinsam-fuer-kastl.de\/wp-content\/uploads\/2025\/12\/IMG_1117.jpg\" class=\"attachment-medium_large size-medium_large wp-image-183\" alt=\"\" srcset=\"https:\/\/www.gemeinsam-fuer-kastl.de\/wp-content\/uploads\/2025\/12\/IMG_1117.jpg 526w, https:\/\/www.gemeinsam-fuer-kastl.de\/wp-content\/uploads\/2025\/12\/IMG_1117-300x254.jpg 300w\" sizes=\"(max-width: 526px) 100vw, 526px\" \/>\t\t\t\t\t\t\t\t\t\t\t\t\t\t\t<\/div>\n\t\t\t\t<div class=\"elementor-element elementor-element-be6c1d8 elementor-widget elementor-widget-text-editor\" data-id=\"be6c1d8\" data-element_type=\"widget\" data-e-type=\"widget\" data-widget_type=\"text-editor.default\">\n\t\t\t\t\t\t\t\t\t<p data-start=\"1467\" data-end=\"1498\">Du hast <strong data-start=\"1475\" data-end=\"1497\">drei M\u00f6glichkeiten<\/strong>:<\/p><h3 data-start=\"1500\" data-end=\"1538\">\u2714\ufe0f 1. Einfach w\u00e4hlen (Listenkreuz)<\/h3><ul data-start=\"1539\" data-end=\"1630\"><li data-start=\"1539\" data-end=\"1582\"><p data-start=\"1541\" data-end=\"1582\">Du machst <strong data-start=\"1551\" data-end=\"1564\">ein Kreuz<\/strong> bei einer Liste<\/p><\/li><li data-start=\"1583\" data-end=\"1630\"><p data-start=\"1585\" data-end=\"1630\">Alle Stimmen gehen automatisch an diese Liste<\/p><\/li><\/ul><h3 data-start=\"1632\" data-end=\"1676\">\u2714\ufe0f 2. Personen w\u00e4hlen (bis zu 3 Stimmen)<\/h3><ul data-start=\"1677\" data-end=\"1784\"><li data-start=\"1677\" data-end=\"1733\"><p data-start=\"1679\" data-end=\"1733\">Du kannst <strong data-start=\"1689\" data-end=\"1711\">einzelnen Personen<\/strong> deine Stimmen geben<\/p><\/li><li data-start=\"1734\" data-end=\"1784\"><p data-start=\"1736\" data-end=\"1784\">Einer Person darfst du <strong data-start=\"1759\" data-end=\"1778\">bis zu 3 Kreuze<\/strong> geben<\/p><\/li><\/ul><h3 data-start=\"1786\" data-end=\"1839\">\u2714\ufe0f 3. Mischen (Personen aus verschiedenen Listen)<\/h3><ul data-start=\"1840\" data-end=\"1916\"><li data-start=\"1840\" data-end=\"1916\"><p data-start=\"1842\" data-end=\"1916\">Du darfst Kandidatinnen und Kandidaten <strong data-start=\"1881\" data-end=\"1909\">aus verschiedenen Listen<\/strong> w\u00e4hlen<\/p><\/li><\/ul><p data-start=\"1918\" data-end=\"1929\">\ud83d\udc49 Wichtig:<\/p><ul data-start=\"1930\" data-end=\"2016\"><li data-start=\"1930\" data-end=\"1975\"><p data-start=\"1932\" data-end=\"1975\"><strong data-start=\"1932\" data-end=\"1975\">Nicht mehr Stimmen vergeben als erlaubt<\/strong><\/p><\/li><li data-start=\"1976\" data-end=\"2016\"><p data-start=\"1978\" data-end=\"2016\">Sonst ist der Stimmzettel <strong data-start=\"2004\" data-end=\"2016\">ung\u00fcltig<\/strong><\/p><\/li><\/ul>\t\t\t\t\t\t\t\t<\/div>\n\t\t\t\t\t<\/div>\n\t\t\t\t<\/div>\n\t\t<div class=\"elementor-element elementor-element-39cf8d9 e-flex e-con-boxed e-con e-parent\" data-id=\"39cf8d9\" data-element_type=\"container\" data-e-type=\"container\">\n\t\t\t\t\t<div class=\"e-con-inner\">\n\t\t\t\t<div class=\"elementor-element elementor-element-63abc31 elementor-widget elementor-widget-heading\" data-id=\"63abc31\" data-element_type=\"widget\" data-e-type=\"widget\" data-widget_type=\"heading.default\">\n\t\t\t\t\t<h2 class=\"elementor-heading-title elementor-size-default\">\ud83d\udc64 B\u00fcrgermeisterwahl<\/h2>\t\t\t\t<\/div>\n\t\t\t\t\t<\/div>\n\t\t\t\t<\/div>\n\t\t<div class=\"elementor-element elementor-element-aa1fad8 e-grid e-con-boxed e-con e-parent\" data-id=\"aa1fad8\" data-element_type=\"container\" data-e-type=\"container\">\n\t\t\t\t\t<div class=\"e-con-inner\">\n\t\t\t\t<div class=\"elementor-element elementor-element-f52d408 elementor-widget elementor-widget-text-editor\" data-id=\"f52d408\" data-element_type=\"widget\" data-e-type=\"widget\" data-widget_type=\"text-editor.default\">\n\t\t\t\t\t\t\t\t\t<p data-start=\"2048\" data-end=\"2073\">Hier ist es ganz einfach:<\/p><ul data-start=\"2075\" data-end=\"2175\"><li data-start=\"2075\" data-end=\"2092\"><p data-start=\"2077\" data-end=\"2092\"><strong data-start=\"2077\" data-end=\"2092\">Eine Stimme<\/strong><\/p><\/li><li data-start=\"2093\" data-end=\"2175\"><p data-start=\"2095\" data-end=\"2175\"><strong data-start=\"2095\" data-end=\"2108\">Ein Kreuz<\/strong> bei der Person, die B\u00fcrgermeisterin oder B\u00fcrgermeister werden soll<\/p><\/li><\/ul>\t\t\t\t\t\t\t\t<\/div>\n\t\t\t\t<div class=\"elementor-element elementor-element-10a54db elementor-widget elementor-widget-image\" data-id=\"10a54db\" data-element_type=\"widget\" data-e-type=\"widget\" data-widget_type=\"image.default\">\n\t\t\t\t\t\t\t\t\t\t\t\t\t\t\t<img loading=\"lazy\" decoding=\"async\" width=\"211\" height=\"300\" src=\"https:\/\/www.gemeinsam-fuer-kastl.de\/wp-content\/uploads\/2025\/12\/IMG_1109-211x300.jpg\" class=\"attachment-medium size-medium wp-image-184\" alt=\"\" srcset=\"https:\/\/www.gemeinsam-fuer-kastl.de\/wp-content\/uploads\/2025\/12\/IMG_1109-211x300.jpg 211w, https:\/\/www.gemeinsam-fuer-kastl.de\/wp-content\/uploads\/2025\/12\/IMG_1109.jpg 542w\" sizes=\"(max-width: 211px) 100vw, 211px\" \/>\t\t\t\t\t\t\t\t\t\t\t\t\t\t\t<\/div>\n\t\t\t\t\t<\/div>\n\t\t\t\t<\/div>\n\t\t<div class=\"elementor-element elementor-element-a0595f1 e-flex e-con-boxed e-con e-parent\" data-id=\"a0595f1\" data-element_type=\"container\" data-e-type=\"container\">\n\t\t\t\t\t<div class=\"e-con-inner\">\n\t\t\t\t<div class=\"elementor-element elementor-element-0fb5de1 elementor-widget elementor-widget-heading\" data-id=\"0fb5de1\" data-element_type=\"widget\" data-e-type=\"widget\" data-widget_type=\"heading.default\">\n\t\t\t\t\t<h2 class=\"elementor-heading-title elementor-size-default\">\u26a0\ufe0f Das solltest du beachten<\/h2>\t\t\t\t<\/div>\n\t\t\t\t\t<\/div>\n\t\t\t\t<\/div>\n\t\t<div class=\"elementor-element elementor-element-be59a20 e-flex e-con-boxed e-con e-parent\" data-id=\"be59a20\" data-element_type=\"container\" data-e-type=\"container\">\n\t\t\t\t\t<div class=\"e-con-inner\">\n\t\t\t\t<div class=\"elementor-element elementor-element-f1be397 elementor-widget elementor-widget-text-editor\" data-id=\"f1be397\" data-element_type=\"widget\" data-e-type=\"widget\" data-widget_type=\"text-editor.default\">\n\t\t\t\t\t\t\t\t\t<ul><li data-start=\"2214\" data-end=\"2260\"><p data-start=\"2216\" data-end=\"2260\">Lies dir den Stimmzettel <strong data-start=\"2241\" data-end=\"2252\">in Ruhe<\/strong> durch<\/p><\/li><li data-start=\"2261\" data-end=\"2325\"><p data-start=\"2263\" data-end=\"2325\">Du darfst im Wahllokal <strong data-start=\"2286\" data-end=\"2300\">nachfragen<\/strong>, wenn du unsicher bist<\/p><\/li><li data-start=\"2326\" data-end=\"2368\"><p data-start=\"2328\" data-end=\"2368\">Schreib <strong data-start=\"2336\" data-end=\"2346\">nichts<\/strong> auf den Stimmzettel<\/p><\/li><li data-start=\"2369\" data-end=\"2412\"><p data-start=\"2371\" data-end=\"2412\">Unterschreibe den Stimmzettel <strong data-start=\"2401\" data-end=\"2410\">nicht<\/strong><\/p><\/li><li data-start=\"2413\" data-end=\"2440\"><p data-start=\"2415\" data-end=\"2440\">Deine Wahl ist <strong data-start=\"2430\" data-end=\"2440\">geheim<\/strong><\/p><\/li><\/ul>\t\t\t\t\t\t\t\t<\/div>\n\t\t\t\t\t<\/div>\n\t\t\t\t<\/div>\n\t\t<div class=\"elementor-element elementor-element-0cb5884 e-flex e-con-boxed e-con e-parent\" data-id=\"0cb5884\" data-element_type=\"container\" data-e-type=\"container\">\n\t\t\t\t\t<div class=\"e-con-inner\">\n\t\t\t\t<div class=\"elementor-element elementor-element-8ccfb04 elementor-widget elementor-widget-heading\" data-id=\"8ccfb04\" data-element_type=\"widget\" data-e-type=\"widget\" data-widget_type=\"heading.default\">\n\t\t\t\t\t<h2 class=\"elementor-heading-title elementor-size-default\">\ud83e\udd1d Warum deine Stimme z\u00e4hlt<\/h2>\t\t\t\t<\/div>\n\t\t\t\t\t<\/div>\n\t\t\t\t<\/div>\n\t\t<div class=\"elementor-element elementor-element-e17235b e-flex e-con-boxed e-con e-parent\" data-id=\"e17235b\" data-element_type=\"container\" data-e-type=\"container\">\n\t\t\t\t\t<div class=\"e-con-inner\">\n\t\t\t\t<div class=\"elementor-element elementor-element-5ecce86 elementor-widget elementor-widget-text-editor\" data-id=\"5ecce86\" data-element_type=\"widget\" data-e-type=\"widget\" data-widget_type=\"text-editor.default\">\n\t\t\t\t\t\t\t\t\t<p data-start=\"2479\" data-end=\"2544\">Bei der Kommunalwahl geht es um Dinge, die dich direkt betreffen:<\/p>\n<ul data-start=\"2545\" data-end=\"2637\">\n<li data-start=\"2545\" data-end=\"2565\">\n<p data-start=\"2547\" data-end=\"2565\">Freizeitangebote<\/p>\n<\/li>\n<li data-start=\"2566\" data-end=\"2583\">\n<p data-start=\"2568\" data-end=\"2583\">Verkehr<\/p>\n<\/li>\n<li data-start=\"2584\" data-end=\"2602\">\n<p data-start=\"2586\" data-end=\"2602\">Umwelt &amp; Natur<\/p>\n<\/li>\n<li data-start=\"2603\" data-end=\"2637\">\n<p data-start=\"2605\" data-end=\"2637\">Schule, Kindergarten und Vereine<\/p>\n<\/li>\n<\/ul>\n<p data-start=\"2639\" data-end=\"2715\"><img decoding=\"async\" draggable=\"false\" role=\"img\" class=\"emoji\" alt=\"\ud83d\udc49\" src=\"https:\/\/s.w.org\/images\/core\/emoji\/17.0.2\/svg\/1f449.svg\"> <strong data-start=\"2642\" data-end=\"2715\">Deine Stimme entscheidet mit, wie deine Gemeinde in Zukunft aussieht.<\/strong><\/p>\t\t\t\t\t\t\t\t<\/div>\n\t\t\t\t\t<\/div>\n\t\t\t\t<\/div>\n\t\t<div class=\"elementor-element elementor-element-a7f12b1 e-flex e-con-boxed e-con e-parent\" data-id=\"a7f12b1\" data-element_type=\"container\" data-e-type=\"container\">\n\t\t\t\t\t<div class=\"e-con-inner\">\n\t\t\t\t<div class=\"elementor-element elementor-element-bf15254 elementor-widget elementor-widget-heading\" data-id=\"bf15254\" data-element_type=\"widget\" data-e-type=\"widget\" data-widget_type=\"heading.default\">\n\t\t\t\t\t<h2 class=\"elementor-heading-title elementor-size-default\">\u2705 Unser Tipp f\u00fcr Erstw\u00e4hlerinnen und Erstw\u00e4hler<\/h2>\t\t\t\t<\/div>\n\t\t\t\t\t<\/div>\n\t\t\t\t<\/div>\n\t\t<div class=\"elementor-element elementor-element-acee689 e-flex e-con-boxed e-con e-parent\" data-id=\"acee689\" data-element_type=\"container\" data-e-type=\"container\">\n\t\t\t\t\t<div class=\"e-con-inner\">\n\t\t\t\t<div class=\"elementor-element elementor-element-ad52b7c elementor-widget elementor-widget-text-editor\" data-id=\"ad52b7c\" data-element_type=\"widget\" data-e-type=\"widget\" data-widget_type=\"text-editor.default\">\n\t\t\t\t\t\t\t\t\t<ul data-start=\"2774\" data-end=\"2887\"><li data-start=\"2774\" data-end=\"2806\"><p data-start=\"2776\" data-end=\"2806\">Informiere dich vor der Wahl<\/p><\/li><li data-start=\"2807\" data-end=\"2839\"><p data-start=\"2809\" data-end=\"2839\">Nimm dir Zeit beim Ausf\u00fcllen<\/p><\/li><li data-start=\"2840\" data-end=\"2887\"><p data-start=\"2842\" data-end=\"2887\">Geh w\u00e4hlen \u2013 egal, wie du dich entscheidest<\/p><\/li><\/ul><p data-start=\"2889\" data-end=\"2936\">Demokratie lebt davon, dass Menschen mitmachen.<\/p>\t\t\t\t\t\t\t\t<\/div>\n\t\t\t\t\t<\/div>\n\t\t\t\t<\/div>\n\t\t\t\t<\/div>\n\t\t","protected":false},"excerpt":{"rendered":"<p>Kommunalwahl in Bayern &#8211; kurz erkl\u00e4rt Die Kommunalwahl in Bayern bietet den B\u00fcrgerinnen und B\u00fcrgern viele M\u00f6glichkeiten, aktiv mitzuentscheiden.&nbsp;Hier erkl\u00e4ren wir Schritt f\u00fcr Schritt, wie die Kommunalwahl in Bayern funktioniert und worauf du achten solltest. Wer darf w\u00e4hlen? Du darfst bei der Kommunalwahl w\u00e4hlen, wenn du: mindestens 18 Jahre alt bist die deutsche Staatsangeh\u00f6rigkeit oder&#8230;<\/p>\n","protected":false},"author":2,"featured_media":0,"parent":0,"menu_order":6,"comment_status":"closed","ping_status":"closed","template":"","meta":{"_kad_post_transparent":"","_kad_post_title":"hide","_kad_post_layout":"fullwidth","_kad_post_sidebar_id":"","_kad_post_content_style":"unboxed","_kad_post_vertical_padding":"hide","_kad_post_feature":"hide","_kad_post_feature_position":"","_kad_post_header":false,"_kad_post_footer":false,"_kad_post_classname":"","footnotes":""},"class_list":["post-176","page","type-page","status-publish","hentry"],"_links":{"self":[{"href":"https:\/\/www.gemeinsam-fuer-kastl.de\/index.php?rest_route=\/wp\/v2\/pages\/176","targetHints":{"allow":["GET"]}}],"collection":[{"href":"https:\/\/www.gemeinsam-fuer-kastl.de\/index.php?rest_route=\/wp\/v2\/pages"}],"about":[{"href":"https:\/\/www.gemeinsam-fuer-kastl.de\/index.php?rest_route=\/wp\/v2\/types\/page"}],"author":[{"embeddable":true,"href":"https:\/\/www.gemeinsam-fuer-kastl.de\/index.php?rest_route=\/wp\/v2\/users\/2"}],"replies":[{"embeddable":true,"href":"https:\/\/www.gemeinsam-fuer-kastl.de\/index.php?rest_route=%2Fwp%2Fv2%2Fcomments&post=176"}],"version-history":[{"count":7,"href":"https:\/\/www.gemeinsam-fuer-kastl.de\/index.php?rest_route=\/wp\/v2\/pages\/176\/revisions"}],"predecessor-version":[{"id":232,"href":"https:\/\/www.gemeinsam-fuer-kastl.de\/index.php?rest_route=\/wp\/v2\/pages\/176\/revisions\/232"}],"wp:attachment":[{"href":"https:\/\/www.gemeinsam-fuer-kastl.de\/index.php?rest_route=%2Fwp%2Fv2%2Fmedia&parent=176"}],"curies":[{"name":"wp","href":"https:\/\/api.w.org\/{rel}","templated":true}]}}