{"id":3,"date":"2024-08-19T04:10:43","date_gmt":"2024-08-19T04:10:43","guid":{"rendered":"http:\/\/www.gemeinsam-fuer-kastl.de\/?page_id=3"},"modified":"2026-01-04T22:32:16","modified_gmt":"2026-01-04T22:32:16","slug":"privacy-policy","status":"publish","type":"page","link":"https:\/\/www.gemeinsam-fuer-kastl.de\/?page_id=3","title":{"rendered":"Impressum"},"content":{"rendered":"\t\t<div data-elementor-type=\"wp-page\" data-elementor-id=\"3\" class=\"elementor elementor-3\">\n\t\t\t\t<div class=\"elementor-element elementor-element-cdfc0cc e-flex e-con-boxed e-con e-parent\" data-id=\"cdfc0cc\" data-element_type=\"container\" data-e-type=\"container\">\n\t\t\t\t\t<div class=\"e-con-inner\">\n\t\t\t\t<div class=\"elementor-element elementor-element-5642b45 elementor-widget elementor-widget-text-editor\" data-id=\"5642b45\" data-element_type=\"widget\" data-e-type=\"widget\" data-widget_type=\"text-editor.default\">\n\t\t\t\t\t\t\t\t\t<h2 data-start=\"221\" data-end=\"233\">Impressum<\/h2>\n<p data-start=\"235\" data-end=\"277\">Angaben gem\u00e4\u00df \u00a7 5 TMG und \u00a7 18 Abs. 2 MStV<\/p>\n<p data-start=\"279\" data-end=\"377\"><strong data-start=\"279\" data-end=\"302\">Gemeinsam f\u00fcr Kastl<\/strong><br data-start=\"302\" data-end=\"305\">B\u00fcrgerliste zur Gemeinderatswahl<br data-start=\"337\" data-end=\"340\">95506 Kastl bei Kemnath<br data-start=\"363\" data-end=\"366\">Deutschland<\/p>\n<p data-start=\"379\" data-end=\"434\"><strong data-start=\"379\" data-end=\"398\">Verantwortlich:<\/strong><br data-start=\"398\" data-end=\"401\">Stefan Reichel<br>Kulmstra\u00dfe 8<br>95506 Kastl<\/p>\n<p data-start=\"436\" data-end=\"475\"><strong data-start=\"436\" data-end=\"448\">Kontakt:<\/strong><br data-start=\"448\" data-end=\"451\">E-Mail: sniief@gmail.com<\/p>\n<hr data-start=\"477\" data-end=\"480\">\n<h2 data-start=\"482\" data-end=\"505\">Datenschutzerkl\u00e4rung<\/h2>\n<h3 data-start=\"507\" data-end=\"527\">Verantwortlicher<\/h3>\n<p data-start=\"529\" data-end=\"593\">Verantwortlich f\u00fcr die Datenverarbeitung auf dieser Website ist:<\/p>\n<p data-start=\"595\" data-end=\"681\"><strong data-start=\"595\" data-end=\"618\">Gemeinsam f\u00fcr Kastl<\/strong><br data-start=\"618\" data-end=\"621\">Stefan Schmidt<br>Lerchenb\u00fchl 30<br>95506 Kastl<br>E-Mail: sniief@gmail.com<\/p>\n<hr data-start=\"683\" data-end=\"686\">\n<h3 data-start=\"688\" data-end=\"705\">Zugriffsdaten<\/h3>\n<p data-start=\"707\" data-end=\"800\">Beim Aufruf dieser Website werden durch den Webserver automatisch folgende Daten verarbeitet:<\/p>\n<ul data-start=\"802\" data-end=\"873\">\n<li data-start=\"802\" data-end=\"816\">\n<p data-start=\"804\" data-end=\"816\">IP-Adresse<\/p>\n<\/li>\n<li data-start=\"817\" data-end=\"851\">\n<p data-start=\"819\" data-end=\"851\">Datum und Uhrzeit des Zugriffs<\/p>\n<\/li>\n<li data-start=\"852\" data-end=\"873\">\n<p data-start=\"854\" data-end=\"873\">aufgerufene Seite<\/p>\n<\/li>\n<\/ul>\n<p data-start=\"875\" data-end=\"997\">Diese Daten sind technisch erforderlich, um die Website auszuliefern, und werden <strong data-start=\"956\" data-end=\"996\">nicht ausgewertet oder weitergegeben<\/strong>.<\/p>\n<hr data-start=\"955\" data-end=\"958\">\n<h3 data-start=\"960\" data-end=\"973\">WordPress<\/h3>\n<p data-start=\"975\" data-end=\"1176\">Diese Website wird mit <strong data-start=\"998\" data-end=\"1011\">WordPress<\/strong> betrieben. WordPress selbst speichert keine personenbezogenen Daten von Besuchern, au\u00dfer diese werden aktiv eingegeben (z. B. bei einer Kontaktaufnahme per E-Mail).<\/p>\n<p data-start=\"1178\" data-end=\"1289\">Es werden <strong data-start=\"1188\" data-end=\"1208\">keine Kommentare<\/strong>, <strong data-start=\"1210\" data-end=\"1247\">keine Benutzerkonten f\u00fcr Besucher<\/strong> und <strong data-start=\"1252\" data-end=\"1278\">keine Tracking-Plugins<\/strong> verwendet.<\/p>\n<hr data-start=\"1237\" data-end=\"1240\">\n<h3 data-start=\"1242\" data-end=\"1261\">Kontaktaufnahme<\/h3>\n<p data-start=\"1263\" data-end=\"1411\">Wenn Sie uns per E-Mail kontaktieren, werden die \u00fcbermittelten Daten ausschlie\u00dflich zur Bearbeitung Ihrer Anfrage verwendet und nicht weitergegeben.<\/p>\n<hr data-start=\"1413\" data-end=\"1416\">\n<h3 data-start=\"1418\" data-end=\"1440\">Cookies &amp; Tracking<\/h3>\n<p data-start=\"1442\" data-end=\"1531\">Diese Website verwendet <strong data-start=\"1466\" data-end=\"1483\">keine Cookies<\/strong>, <strong data-start=\"1485\" data-end=\"1502\">kein Tracking<\/strong> und <strong data-start=\"1507\" data-end=\"1530\">keine Analyse-Tools<\/strong>.<\/p><div><hr data-start=\"1554\" data-end=\"1557\" style=\"border-bottom: 1.25px solid rgb(203, 213, 224); background-color: rgb(255, 255, 255);\"><\/div><h3 data-start=\"486\" data-end=\"538\">Anonymes Kontaktformular (\u201eOnline-Kummerkasten\u201c)<\/h3>\n<p data-start=\"540\" data-end=\"701\">Auf dieser Website stellen wir ein anonymes Kontaktformular zur Verf\u00fcgung, \u00fcber das Besucherinnen und Besucher Anliegen, Themen oder Hinweise \u00fcbermitteln k\u00f6nnen.<\/p>\n<p data-start=\"703\" data-end=\"886\">Das Formular erhebt <strong data-start=\"723\" data-end=\"779\">ausschlie\u00dflich den Inhalt der eingegebenen Nachricht<\/strong>.<br data-start=\"780\" data-end=\"783\">Es werden <strong data-start=\"793\" data-end=\"875\">keine Namen, keine E-Mail-Adressen und keine sonstigen personenbezogenen Daten<\/strong> abgefragt.<\/p>\n<p data-start=\"888\" data-end=\"945\">Die Nutzung des Formulars erfolgt vollst\u00e4ndig <strong data-start=\"934\" data-end=\"944\">anonym<\/strong>.<\/p>\n<p data-start=\"947\" data-end=\"1110\">Die \u00fcbermittelten Inhalte werden ausschlie\u00dflich zum Zweck der inhaltlichen Auswertung und Bearbeitung der Anliegen verwendet und <strong data-start=\"1076\" data-end=\"1109\">nicht an Dritte weitergegeben<\/strong>.<\/p>\n<p data-start=\"1112\" data-end=\"1411\"><strong data-start=\"1112\" data-end=\"1131\">Rechtsgrundlage<\/strong> f\u00fcr die Verarbeitung ist Art. 6 Abs. 1 lit. f DSGVO (berechtigtes Interesse an der Erfassung von B\u00fcrgeranliegen).<br data-start=\"1245\" data-end=\"1248\">Sofern freiwillig personenbezogene Angaben im Nachrichtentext gemacht werden, erfolgt die Verarbeitung auf Grundlage von Art. 6 Abs. 1 lit. a DSGVO (Einwilligung).<\/p>\n<p data-start=\"1413\" data-end=\"1552\">Die Inhalte der Einsendungen werden regelm\u00e4\u00dfig gepr\u00fcft und gel\u00f6scht, sobald sie f\u00fcr den Zweck der Bearbeitung nicht mehr erforderlich sind.<\/p>\n<hr data-start=\"1554\" data-end=\"1557\">\n<h3 data-start=\"1559\" data-end=\"1588\">Ninja Forms (Spam-Schutz)<\/h3>\n<p data-start=\"1590\" data-end=\"1845\">F\u00fcr das anonyme Kontaktformular wird das WordPress-Plugin <strong data-start=\"1648\" data-end=\"1663\">Ninja Forms<\/strong> verwendet.<br data-start=\"1674\" data-end=\"1677\">Ninja Forms nutzt einen <strong data-start=\"1701\" data-end=\"1755\">integrierten, lokalen Spam-Schutz (z. B. Honeypot)<\/strong>, der ohne den Einsatz von Cookies, Tracking-Technologien oder externen Diensten auskommt.<\/p><p data-start=\"1590\" data-end=\"1845\"><span style=\"background-color: rgba(0, 0, 0, 0);\">Eine \u00dcbermittlung von Formulardaten an externe Anbieter findet <\/span><strong data-start=\"1910\" data-end=\"1919\" style=\"background-color: rgba(0, 0, 0, 0);\">nicht<\/strong><span style=\"background-color: rgba(0, 0, 0, 0);\"> statt.<\/span><span style=\"background-color: rgba(0, 0, 0, 0); color: rgb(26, 32, 44); font-size: 24px; font-weight: 700;\">&nbsp;<\/span><\/p>\n<hr data-start=\"1554\" data-end=\"1557\" style=\"border-bottom: 1.25px solid rgb(203, 213, 224); background-color: rgb(255, 255, 255);\"><h3 data-start=\"1538\" data-end=\"1553\">Ihre Rechte<\/h3>\n<p data-start=\"1555\" data-end=\"1724\">Sie haben jederzeit das Recht auf Auskunft, Berichtigung oder L\u00f6schung Ihrer personenbezogenen Daten.<br data-start=\"1656\" data-end=\"1659\">Bitte wenden Sie sich hierzu an die oben genannte Kontaktadresse.<\/p>\t\t\t\t\t\t\t\t<\/div>\n\t\t\t\t\t<\/div>\n\t\t\t\t<\/div>\n\t\t\t\t<\/div>\n\t\t","protected":false},"excerpt":{"rendered":"<p>Impressum Angaben gem\u00e4\u00df \u00a7 5 TMG und \u00a7 18 Abs. 2 MStV Gemeinsam f\u00fcr KastlB\u00fcrgerliste zur Gemeinderatswahl95506 Kastl bei KemnathDeutschland Verantwortlich:Stefan ReichelKulmstra\u00dfe 895506 Kastl Kontakt:E-Mail: sniief@gmail.com Datenschutzerkl\u00e4rung Verantwortlicher Verantwortlich f\u00fcr die Datenverarbeitung auf dieser Website ist: Gemeinsam f\u00fcr KastlStefan SchmidtLerchenb\u00fchl 3095506 KastlE-Mail: sniief@gmail.com Zugriffsdaten Beim Aufruf dieser Website werden durch den Webserver automatisch folgende Daten&#8230;<\/p>\n","protected":false},"author":1,"featured_media":0,"parent":0,"menu_order":7,"comment_status":"closed","ping_status":"closed","template":"","meta":{"_kad_post_transparent":"","_kad_post_title":"","_kad_post_layout":"","_kad_post_sidebar_id":"","_kad_post_content_style":"","_kad_post_vertical_padding":"","_kad_post_feature":"","_kad_post_feature_position":"","_kad_post_header":false,"_kad_post_footer":false,"_kad_post_classname":"","footnotes":""},"class_list":["post-3","page","type-page","status-publish","hentry"],"_links":{"self":[{"href":"https:\/\/www.gemeinsam-fuer-kastl.de\/index.php?rest_route=\/wp\/v2\/pages\/3","targetHints":{"allow":["GET"]}}],"collection":[{"href":"https:\/\/www.gemeinsam-fuer-kastl.de\/index.php?rest_route=\/wp\/v2\/pages"}],"about":[{"href":"https:\/\/www.gemeinsam-fuer-kastl.de\/index.php?rest_route=\/wp\/v2\/types\/page"}],"author":[{"embeddable":true,"href":"https:\/\/www.gemeinsam-fuer-kastl.de\/index.php?rest_route=\/wp\/v2\/users\/1"}],"replies":[{"embeddable":true,"href":"https:\/\/www.gemeinsam-fuer-kastl.de\/index.php?rest_route=%2Fwp%2Fv2%2Fcomments&post=3"}],"version-history":[{"count":14,"href":"https:\/\/www.gemeinsam-fuer-kastl.de\/index.php?rest_route=\/wp\/v2\/pages\/3\/revisions"}],"predecessor-version":[{"id":386,"href":"https:\/\/www.gemeinsam-fuer-kastl.de\/index.php?rest_route=\/wp\/v2\/pages\/3\/revisions\/386"}],"wp:attachment":[{"href":"https:\/\/www.gemeinsam-fuer-kastl.de\/index.php?rest_route=%2Fwp%2Fv2%2Fmedia&parent=3"}],"curies":[{"name":"wp","href":"https:\/\/api.w.org\/{rel}","templated":true}]}}